reatest common factor of 18 and 210.
6
What is the greatest common divisor of 31 and 22909?
31
Calculate the greatest common factor of 23 and 3818.
23
What is the highest common factor of 960 and 15?
15
Calculate the highest common factor of 14 and 12215.
7
Calculate the greatest common divisor of 194 and 13871.
97
Calculate the highest common divisor of 3161 and 545.
109
What is the greatest common divisor of 703 and 95?
19
Calculate the greatest common factor of 1175 and 47.
47
What is the highest common factor of 790 and 1738?
158
Calculate the highest common divisor of 1247 and 301.
43
Calculate the highest common divisor of 28 and 12.
4
What is the highest common factor of 62 and 341?
31
What is the greatest common factor of 5922 and 126?
126
What is the highest common divisor of 42 and 6?
6
Calculate the highest common factor of 12 and 5532.
12
What is the greatest common divisor of 856 and 321?
107
What is the highest common divisor of 22 and 154?
22
What is the highest common factor of 44 and 781?
11
Calculate the highest common factor of 28 and 910.
14
What is the highest common factor of 104 and 143?
13
Calculate the highest common factor of 94 and 893.
47
What is the greatest common factor of 12 and 15?
3
What is the greatest common factor of 32 and 76?
4
Calculate the highest common divisor of 181 and 50137.
181
What is the greatest common factor of 39271 and 173?
173
Calculate the greatest common divisor of 88 and 72.
8
Calculate the greatest common factor of 120 and 5260.
20
Calculate the greatest common factor of 44 and 66.
22
Calculate the highest common divisor of 873 and 18.
9
Calculate the greatest common divisor of 5464 and 8.
8
What is the greatest common factor of 4 and 236?
4
Calculate the greatest common divisor of 520 and 100.
20
What is the greatest common factor of 23 and 11500?
23
Calculate the greatest common factor of 380 and 95.
95
Calculate the greatest common divisor of 31 and 775.
31
Calculate the highest common factor of 5949 and 9.
9
What is the highest common divisor of 176 and 451?
11
Calculate the greatest common factor of 567 and 9.
9
Calculate the greatest common divisor of 32 and 23696.
16
Calculate the greatest common factor of 1530 and 204.
102
What is the greatest common factor of 374 and 4726?
34
Calculate the greatest common factor of 2771 and 1793.
163
Calculate the greatest common factor of 266 and 76.
38
Calculate the highest common divisor of 163 and 25917.
163
What is the greatest common divisor of 128 and 1056?
32
What is the greatest common factor of 319 and 54230?
319
What is the highest common divisor of 24 and 714?
6
What is the greatest common divisor of 86 and 559?
43
What is the greatest common factor of 26 and 403?
13
What is the greatest common factor of 6509 and 368?
23
Calculate the highest common factor of 850 and 150.
50
Calculate the highest common factor of 80 and 920.
40
Calculate the highest common divisor of 1935 and 30.
15
What is the greatest common factor of 429 and 264?
33
What is the highest common divisor of 296 and 264?
8
What is the highest common factor of 1068 and 21?
3
What is the greatest common factor of 20 and 2020?
20
What is the highest common factor of 279 and 93?
93
What is the highest common factor of 86 and 946?
86
Calculate the greatest common divisor of 768 and 288.
96
What is the greatest common divisor of 954 and 3710?
106
Calculate the greatest common divisor of 1225 and 50.
25
Calculate the highest common factor of 5662 and 745.
149
Calculate the highest common divisor of 704 and 22.
22
Calculate the highest common divisor of 43601 and 118.
59
Calculate the greatest common factor of 4 and 2564.
4
What is the highest common factor of 2291 and 203?
29
Calculate the highest common divisor of 40 and 64.
8
What is the greatest common divisor of 685 and 5?
5
Calculate the highest common factor of 504 and 180.
36
What is the highest common factor of 14 and 602?
14
What is the greatest common factor of 8833 and 73?
73
What is the highest common divisor of 1824 and 384?
96
Calculate the greatest common factor of 119 and 85.
17
Calculate the highest common factor of 4150 and 25.
25
What is the greatest common factor of 255 and 30?
15
What is the greatest common factor of 2583 and 28?
7
Calculate the greatest common factor of 5182 and 2.
2
What is the greatest common divisor of 62 and 7068?
62
Calculate the greatest common factor of 368 and 34776.
184
What is the highest common divisor of 156 and 48?
12
What is the highest common divisor of 26 and 416?
26
What is the greatest common factor of 220 and 44?
44
Calculate the highest common divisor of 6 and 642.
6
What is the greatest common factor of 4 and 12?
4
Calculate the greatest common factor of 568 and 16.
8
Calculate the highest common factor of 40 and 460.
20
Calculate the highest common divisor of 990 and 792.
198
Calculate the greatest common divisor of 24 and 324.
12
Calculate the greatest common factor of 78 and 22542.
78
Calculate the highest common factor of 55 and 649.
11
What is the greatest common factor of 32 and 256?
32
Calculate the highest common factor of 8386 and 28.
14
What is the greatest common factor of 23 and 138?
23
What is the greatest common factor of 18395 and 13?
13
What is the greatest common factor of 104 and 52?
52
What is the greatest common divisor of 798 and 1482?
114
Calculate the highest common factor of 8776 and 8.
8
Calculate the greatest common factor of 4868 and 4.
4
What is the greatest common divisor of 80 and 360?
40
What is the greatest common factor of 1899 and 63?
9
What is the greatest common divisor of 1475 and 50?
25
What is the greatest common factor of 195 and 65?
65
What is the highest common divisor of 43 and 129?
43
What is the highest common divisor of 213 and 156?
3
What is the greatest common factor of 224 and 126?
14
What is the highest common factor of 18 and 18?
18
Calculate the greatest common divisor of 1 and 1.
1
Calculate the highest common divisor of 72 and 117.
9
What is the highest common divisor of 2629 and 11?
11
What is the highest common factor of 184 and 25576?
184
What is the highest common divisor of 323 and 19?
19
Calculate the greatest common factor of 10962 and 270.
54
Calculate the highest common divisor of 18 and 30.
6
Calculate the highest common divisor of 54 and 834.
6
Calculate the greatest common divisor of 6580 and 2961.
329
Calculate the highest common divisor of 14400 and 675.
225
What is the highest common divisor of 20 and 485?
5
What is the highest common divisor of 41 and 1681?
41
What is the greatest common divisor of 18815 and 497?
71
Calculate the highest common divisor of 62 and 1674.
62
What is the highest common factor of 1740 and 87?
87
Calculate the highest common factor of 12 and 852.
12
Calculate the highest common divisor of 13 and 1027.
13
Calculate the greatest common divisor of 84 and 1344.
84
Calculate the highest common divisor of 18 and 1062.
18
What is the highest common factor of 195 and 135?
15
What is the greatest common factor of 10 and 5?
5
What is the highest common factor of 960 and 300?
60
Calculate the highest common divisor of 15 and 39.
3
What is the greatest common factor of 60 and 540?
60
What is the highest common factor of 50 and 30775?
25
Calculate the greatest common factor of 77 and 363.
11
Calculate the greatest common divisor of 7 and 595.
7
What is the greatest common factor of 406 and 174?
58
What is the highest common factor of 79 and 2133?
79
Calculate the greatest common factor of 62 and 93.
31
What is the greatest common divisor of 60 and 1090?
10
What is the greatest common divisor of 40 and 1640?
40
Calculate the highest common factor of 136 and 68.
68
Calculate the greatest common factor of 30 and 45.
15
Calculate the greatest common factor of 25976 and 136.
136
Calculate the greatest common divisor of 28 and 406.
14
What is the greatest common factor of 2279 and 53?
53
What is the greatest common divisor of 126 and 1071?
63
Calculate the greatest common divisor of 14 and 52304.
14
Calculate the highest common factor of 25 and 400.
25
Calculate the highest common factor of 1808 and 113.
113
Calculate the highest common divisor of 869 and 22.
11
Calculate the highest 